{"id":23191,"date":"2017-06-22T23:19:42","date_gmt":"2017-06-22T23:19:42","guid":{"rendered":"http:\/\/motorservice.es\/?page_id=23191"},"modified":"2017-06-26T15:25:00","modified_gmt":"2017-06-26T15:25:00","slug":"limpieza-filtros-de-particulas","status":"publish","type":"page","link":"https:\/\/motorservice.es\/?page_id=23191","title":{"rendered":"Limpieza filtros de part\u00edculas"},"content":{"rendered":"[vc_row][vc_column width=\u00bb1\/2&#8243;][vc_raw_html]JTNDaDElM0VMSU1QSUVaQSUyMEZJTFRSTyUyMERFJTIwUEFSVCVDMyU4RENVTEFTJTNDJTJGaDElM0U=[\/vc_raw_html][vc_custom_heading text=\u00bb\u00bfPodemos evitar problemas con el filtro de part\u00edculas?\u00bb font_container=\u00bbtag:h2|font_size:25|text_align:left\u00bb google_fonts=\u00bbfont_family:Raleway%3A100%2C200%2C300%2Cregular%2C500%2C600%2C700%2C800%2C900|font_style:600%20bold%20regular%3A600%3Anormal\u00bb][vc_column_text]Reparar una <strong>aver\u00eda<\/strong> del filtro de part\u00edculas puede tener un <strong>coste de 700 a 2000 euros<\/strong>, por ello te recomendamos <strong>prevenir mejor que curar<\/strong>. Limpiar el filtro de part\u00edculas es una buena garant\u00eda de mantener esta pieza en buen estado. Adem\u00e1s es necesario para reducir las emisiones CO\u00b2 y contribuir a una mejor eficiencia en la conducci\u00f3n.[\/vc_column_text][\/vc_column][vc_column width=\u00bb1\/2&#8243;][vc_custom_heading text=\u00bbSolicita tu descuento\u00bb font_container=\u00bbtag:h2|font_size:20|text_align:left|color:%23595959&#8243; google_fonts=\u00bbfont_family:Raleway%3A100%2C200%2C300%2Cregular%2C500%2C600%2C700%2C800%2C900|font_style:500%20bold%20regular%3A500%3Anormal\u00bb el_class=\u00bbtitulo-descuento\u00bb]<div role=\"form\" class=\"wpcf7\" id=\"wpcf7-f23208-o1\" lang=\"es-ES\" dir=\"ltr\">\n<div class=\"screen-reader-response\" role=\"alert\" aria-live=\"polite\"><\/div>\n<form action=\"\/index.php?rest_route=%2Fwp%2Fv2%2Fpages%2F23191#wpcf7-f23208-o1\" method=\"post\" class=\"wpcf7-form init\" novalidate=\"novalidate\">\n<div style=\"display: none;\">\n<input type=\"hidden\" name=\"_wpcf7\" value=\"23208\" \/>\n<input type=\"hidden\" name=\"_wpcf7_version\" value=\"5.2.2\" \/>\n<input type=\"hidden\" name=\"_wpcf7_locale\" value=\"es_ES\" \/>\n<input type=\"hidden\" name=\"_wpcf7_unit_tag\" value=\"wpcf7-f23208-o1\" \/>\n<input type=\"hidden\" name=\"_wpcf7_container_post\" value=\"0\" \/>\n<input type=\"hidden\" name=\"_wpcf7_posted_data_hash\" value=\"\" \/>\n<input type=\"hidden\" name=\"_wpcf7_recaptcha_response\" value=\"\" \/>\n<\/div>\n<p><span class=\"wpcf7-form-control-wrap nombre\"><input type=\"text\" name=\"nombre\" value=\"\" size=\"40\" class=\"wpcf7-form-control wpcf7-text\" aria-invalid=\"false\" placeholder=\"Tu Nombre\" \/><\/span><\/p>\n<p><span class=\"wpcf7-form-control-wrap email-703\"><input type=\"email\" name=\"email-703\" value=\"\" size=\"40\" class=\"wpcf7-form-control wpcf7-text wpcf7-email wpcf7-validates-as-email\" aria-invalid=\"false\" placeholder=\"Email (Se le contestar\u00e1 a dicho correo)\" \/><\/span><\/p>\n<p><span class=\"wpcf7-form-control-wrap tel-665\"><input type=\"tel\" name=\"tel-665\" value=\"\" size=\"40\" class=\"wpcf7-form-control wpcf7-text wpcf7-tel wpcf7-validates-as-tel\" aria-invalid=\"false\" placeholder=\"N\u00famero de tel\u00e9fono\" \/><\/span><\/p>\n<p>\u00bfQuiere que le llamemos? <span class=\"wpcf7-form-control-wrap Quierequelellamemos\"><span class=\"wpcf7-form-control wpcf7-checkbox\"><span class=\"wpcf7-list-item first\"><input type=\"checkbox\" name=\"Quierequelellamemos[]\" value=\"SI\" \/><span class=\"wpcf7-list-item-label\">SI<\/span><\/span><span class=\"wpcf7-list-item last\"><input type=\"checkbox\" name=\"Quierequelellamemos[]\" value=\"NO\" \/><span class=\"wpcf7-list-item-label\">NO<\/span><\/span><\/span><\/span><\/p>\n<p><input type=\"submit\" value=\"Enviar\" class=\"wpcf7-form-control wpcf7-submit\" \/><\/p>\n<div class=\"wpcf7-response-output\" role=\"alert\" aria-hidden=\"true\"><\/div><\/form><\/div>[\/vc_column][\/vc_row][mk_page_section sidebar=\u00bbsidebar-1&#8243;][vc_column][vc_column_text]En Motorservice contamos con la maquinaria indispensable para realizar una buena <strong>limpieza del filtro de part\u00edculas<\/strong>, sin que este quede da\u00f1ado. Dicho proceso requiere de experiencia y conocimiento, evitando as\u00ed posibles roturas o un deterioro de dicho filtro.<\/p>\n<p>Puede contactarnos sin compromiso para limpiar el filtro de part\u00edculas.[\/vc_column_text][\/vc_column][\/mk_page_section]\n","protected":false},"excerpt":{"rendered":"<p>[vc_row][vc_column width=\u00bb1\/2&#8243;][vc_raw_html]JTNDaDElM0VMSU1QSUVaQSUyMEZJTFRSTyUyMERFJTIwUEFSVCVDMyU4RENVTEFTJTNDJTJGaDElM0U=[\/vc_raw_html][vc_custom_heading text=\u00bb\u00bfPodemos evitar problemas con el filtro de part\u00edculas?\u00bb font_container=\u00bbtag:h2|font_size:25|text_align:left\u00bb google_fonts=\u00bbfont_family:Raleway%3A100%2C200%2C300%2Cregular%2C500%2C600%2C700%2C800%2C900|font_style:600%20bold%20regular%3A600%3Anormal\u00bb][vc_column_text]Reparar una aver\u00eda del filtro de part\u00edculas puede tener un coste de 700 a 2000 euros, por ello te recomendamos prevenir mejor que curar. Limpiar el filtro de part\u00edculas es una buena garant\u00eda de mantener esta pieza en buen estado. Adem\u00e1s es necesario para [&hellip;]<\/p>\n","protected":false},"author":1,"featured_media":0,"parent":0,"menu_order":0,"comment_status":"closed","ping_status":"closed","template":"","meta":[],"yoast_head":"<!-- This site is optimized with the Yoast SEO plugin v14.9 - https:\/\/yoast.com\/wordpress\/plugins\/seo\/ -->\n<title>Limpieza filtros de part\u00edculas - CH Motorservice Engineering S.L.<\/title>\n<meta name=\"robots\" content=\"index, follow, max-snippet:-1, max-image-preview:large, max-video-preview:-1\" \/>\n<link rel=\"canonical\" href=\"https:\/\/motorservice.es\/?page_id=23191\" \/>\n<meta property=\"og:locale\" content=\"es_ES\" \/>\n<meta property=\"og:type\" content=\"article\" \/>\n<meta property=\"og:title\" content=\"Limpieza filtros de part\u00edculas - CH Motorservice Engineering S.L.\" \/>\n<meta property=\"og:description\" content=\"[vc_row][vc_column width=\u00bb1\/2&#8243;][vc_raw_html]JTNDaDElM0VMSU1QSUVaQSUyMEZJTFRSTyUyMERFJTIwUEFSVCVDMyU4RENVTEFTJTNDJTJGaDElM0U=[\/vc_raw_html][vc_custom_heading text=\u00bb\u00bfPodemos evitar problemas con el filtro de part\u00edculas?\u00bb font_container=\u00bbtag:h2|font_size:25|text_align:left\u00bb google_fonts=\u00bbfont_family:Raleway%3A100%2C200%2C300%2Cregular%2C500%2C600%2C700%2C800%2C900|font_style:600%20bold%20regular%3A600%3Anormal\u00bb][vc_column_text]Reparar una aver\u00eda del filtro de part\u00edculas puede tener un coste de 700 a 2000 euros, por ello te recomendamos prevenir mejor que curar. Limpiar el filtro de part\u00edculas es una buena garant\u00eda de mantener esta pieza en buen estado. Adem\u00e1s es necesario para [&hellip;]\" \/>\n<meta property=\"og:url\" content=\"https:\/\/motorservice.es\/?page_id=23191\" \/>\n<meta property=\"og:site_name\" content=\"CH Motorservice Engineering S.L.\" \/>\n<meta property=\"article:modified_time\" content=\"2017-06-26T15:25:00+00:00\" \/>\n<meta name=\"twitter:card\" content=\"summary_large_image\" \/>\n<script type=\"application\/ld+json\" class=\"yoast-schema-graph\">{\"@context\":\"https:\/\/schema.org\",\"@graph\":[{\"@type\":\"WebSite\",\"@id\":\"https:\/\/motorservice.es\/#website\",\"url\":\"https:\/\/motorservice.es\/\",\"name\":\"CH Motorservice Engineering S.L.\",\"description\":\"Centro de rectificado de motores, turbos y cajas de cambio\",\"potentialAction\":[{\"@type\":\"SearchAction\",\"target\":\"https:\/\/motorservice.es\/?s={search_term_string}\",\"query-input\":\"required name=search_term_string\"}],\"inLanguage\":\"es\"},{\"@type\":\"WebPage\",\"@id\":\"https:\/\/motorservice.es\/?page_id=23191#webpage\",\"url\":\"https:\/\/motorservice.es\/?page_id=23191\",\"name\":\"Limpieza filtros de part\\u00edculas - CH Motorservice Engineering S.L.\",\"isPartOf\":{\"@id\":\"https:\/\/motorservice.es\/#website\"},\"datePublished\":\"2017-06-22T23:19:42+00:00\",\"dateModified\":\"2017-06-26T15:25:00+00:00\",\"breadcrumb\":{\"@id\":\"https:\/\/motorservice.es\/?page_id=23191#breadcrumb\"},\"inLanguage\":\"es\",\"potentialAction\":[{\"@type\":\"ReadAction\",\"target\":[\"https:\/\/motorservice.es\/?page_id=23191\"]}]},{\"@type\":\"BreadcrumbList\",\"@id\":\"https:\/\/motorservice.es\/?page_id=23191#breadcrumb\",\"itemListElement\":[{\"@type\":\"ListItem\",\"position\":1,\"item\":{\"@type\":\"WebPage\",\"@id\":\"https:\/\/motorservice.es\/\",\"url\":\"https:\/\/motorservice.es\/\",\"name\":\"Portada\"}},{\"@type\":\"ListItem\",\"position\":2,\"item\":{\"@type\":\"WebPage\",\"@id\":\"https:\/\/motorservice.es\/?page_id=23191\",\"url\":\"https:\/\/motorservice.es\/?page_id=23191\",\"name\":\"Limpieza filtros de part\\u00edculas\"}}]}]}<\/script>\n<!-- \/ Yoast SEO plugin. -->","_links":{"self":[{"href":"https:\/\/motorservice.es\/index.php?rest_route=\/wp\/v2\/pages\/23191"}],"collection":[{"href":"https:\/\/motorservice.es\/index.php?rest_route=\/wp\/v2\/pages"}],"about":[{"href":"https:\/\/motorservice.es\/index.php?rest_route=\/wp\/v2\/types\/page"}],"author":[{"embeddable":true,"href":"https:\/\/motorservice.es\/index.php?rest_route=\/wp\/v2\/users\/1"}],"replies":[{"embeddable":true,"href":"https:\/\/motorservice.es\/index.php?rest_route=%2Fwp%2Fv2%2Fcomments&post=23191"}],"version-history":[{"count":18,"href":"https:\/\/motorservice.es\/index.php?rest_route=\/wp\/v2\/pages\/23191\/revisions"}],"predecessor-version":[{"id":23298,"href":"https:\/\/motorservice.es\/index.php?rest_route=\/wp\/v2\/pages\/23191\/revisions\/23298"}],"wp:attachment":[{"href":"https:\/\/motorservice.es\/index.php?rest_route=%2Fwp%2Fv2%2Fmedia&parent=23191"}],"curies":[{"name":"wp","href":"https:\/\/api.w.org\/{rel}","templated":true}]}}